highest common divisor of 54 and 13878?
54
What is the highest common divisor of 24 and 516?
12
What is the greatest common factor of 270 and 324?
54
What is the highest common factor of 140 and 770?
70
What is the highest common divisor of 5370 and 90?
30
Calculate the highest common divisor of 522 and 36.
18
Calculate the highest common divisor of 413 and 8378.
59
Calculate the greatest common factor of 9815 and 130.
65
Calculate the greatest common factor of 552 and 48.
24
Calculate the greatest common factor of 14 and 15890.
14
Calculate the greatest common factor of 216 and 8964.
108
Calculate the greatest common divisor of 27840 and 116.
116
What is the highest common divisor of 72 and 112?
8
Calculate the greatest common factor of 156 and 117.
39
Calculate the highest common factor of 296 and 259.
37
What is the highest common divisor of 18872 and 70?
14
What is the greatest common factor of 249 and 664?
83
What is the greatest common divisor of 19 and 475?
19
Calculate the greatest common divisor of 3048 and 1905.
381
Calculate the highest common divisor of 44 and 496.
4
Calculate the highest common factor of 28 and 28.
28
Calculate the highest common factor of 115 and 23.
23
What is the greatest common divisor of 24 and 582?
6
What is the greatest common divisor of 108 and 4?
4
Calculate the highest common factor of 63 and 6.
3
Calculate the highest common divisor of 272 and 816.
272
What is the highest common factor of 12 and 2000?
4
What is the greatest common divisor of 198 and 138?
6
What is the highest common divisor of 64812 and 44?
44
What is the highest common factor of 256 and 64?
64
Calculate the highest common divisor of 1027 and 13.
13
What is the greatest common factor of 1 and 137?
1
Calculate the highest common divisor of 302 and 4077.
151
Calculate the greatest common factor of 38 and 76.
38
What is the highest common divisor of 446 and 4?
2
What is the greatest common divisor of 198 and 1122?
66
What is the greatest common factor of 8217 and 363?
33
What is the greatest common divisor of 126 and 162?
18
Calculate the greatest common divisor of 1364 and 11.
11
Calculate the greatest common divisor of 144 and 54.
18
Calculate the greatest common divisor of 3 and 543.
3
Calculate the highest common factor of 4394 and 78.
26
What is the highest common factor of 5 and 535?
5
Calculate the highest common divisor of 7684 and 68.
68
Calculate the greatest common divisor of 17 and 1088.
17
What is the greatest common factor of 51 and 204?
51
Calculate the highest common divisor of 260 and 20.
20
Calculate the highest common divisor of 11741 and 59.
59
What is the highest common factor of 16 and 5408?
16
What is the highest common divisor of 143 and 66781?
143
Calculate the greatest common divisor of 55 and 110.
55
What is the greatest common divisor of 16 and 1088?
16
Calculate the greatest common factor of 35 and 224.
7
Calculate the greatest common factor of 189 and 336.
21
What is the greatest common divisor of 1145 and 15?
5
Calculate the highest common factor of 1544 and 64.
8
What is the greatest common divisor of 4 and 284?
4
Calculate the highest common divisor of 1909 and 747.
83
What is the greatest common factor of 225 and 1476?
9
Calculate the greatest common factor of 138 and 69.
69
Calculate the highest common factor of 11623 and 197.
197
Calculate the highest common factor of 96 and 992.
32
What is the greatest common factor of 1270 and 1397?
127
Calculate the highest common divisor of 75 and 100725.
75
What is the greatest common divisor of 252 and 532?
28
What is the greatest common divisor of 2015 and 13?
13
Calculate the greatest common factor of 8 and 2.
2
What is the greatest common factor of 686 and 637?
49
What is the greatest common factor of 70 and 51695?
35
Calculate the highest common divisor of 2 and 6.
2
What is the greatest common factor of 84 and 518?
14
What is the greatest common divisor of 15 and 21?
3
Calculate the highest common factor of 92 and 1058.
46
What is the greatest common divisor of 48 and 224?
16
What is the highest common divisor of 528 and 72?
24
Calculate the greatest common factor of 144 and 63.
9
Calculate the greatest common factor of 198 and 7260.
66
What is the highest common factor of 114 and 66?
6
What is the greatest common factor of 246 and 30?
6
Calculate the highest common divisor of 606 and 192.
6
What is the highest common divisor of 400 and 64?
16
What is the greatest common divisor of 234 and 1846?
26
Calculate the highest common factor of 100 and 50550.
50
Calculate the highest common divisor of 64 and 8.
8
Calculate the greatest common divisor of 21 and 329.
7
Calculate the highest common factor of 3071 and 148.
37
What is the greatest common divisor of 72 and 136?
8
Calculate the highest common divisor of 2964 and 52.
52
What is the highest common divisor of 29747 and 151?
151
What is the greatest common divisor of 299 and 989?
23
What is the greatest common divisor of 108 and 192?
12
Calculate the highest common divisor of 21 and 399.
21
What is the highest common divisor of 822 and 20002?
274
Calculate the highest common factor of 135 and 360.
45
Calculate the highest common factor of 60 and 825.
15
What is the greatest common divisor of 276 and 92?
92
Calculate the greatest common divisor of 852 and 60.
12
Calculate the greatest common factor of 72 and 72.
72
Calculate the highest common divisor of 1 and 167.
1
Calculate the greatest common divisor of 306 and 34.
34
Calculate the highest common factor of 5675 and 100.
25
Calculate the greatest common divisor of 104 and 403.
13
What is the greatest common divisor of 544 and 2074?
34
What is the highest common factor of 7 and 2569?
7
What is the greatest common divisor of 8000 and 104?
8
Calculate the greatest common divisor of 72 and 27.
9
Calculate the highest common factor of 87 and 203.
29
Calculate the highest common factor of 15 and 861.
3
What is the greatest common factor of 200 and 150?
50
Calculate the greatest common factor of 16313 and 22.
11
Calculate the greatest common factor of 7743 and 319.
29
Calculate the highest common divisor of 41553 and 162.
81
What is the greatest common factor of 117 and 2301?
39
What is the greatest common factor of 92 and 7360?
92
Calculate the greatest common divisor of 1891 and 961.
31
What is the highest common divisor of 8 and 14?
2
Calculate the highest common divisor of 686 and 294.
98
What is the greatest common factor of 1547 and 819?
91
What is the greatest common factor of 18 and 6066?
18
What is the highest common factor of 17760 and 16?
16
Calculate the greatest common divisor of 4784 and 208.
208
What is the greatest common factor of 10 and 14?
2
Calculate the greatest common factor of 103 and 1.
1
Calculate the greatest common divisor of 1560 and 5265.
195
What is the highest common divisor of 215 and 344?
43
What is the highest common divisor of 18 and 4626?
18
What is the highest common factor of 36 and 522?
18
Calculate the greatest common divisor of 525 and 15.
15
Calculate the greatest common divisor of 2112 and 66.
66
Calculate the highest common factor of 225 and 1050.
75
What is the highest common factor of 6895 and 35?
35
Calculate the highest common divisor of 2345 and 70.
35
What is the greatest common divisor of 26 and 2?
2
What is the highest common factor of 88 and 2?
2
What is the greatest common divisor of 1295 and 35?
35
What is the highest common factor of 139 and 55183?
139
Calculate the greatest common factor of 21 and 1624.
7
Calculate the highest common divisor of 243 and 405.
81
Calculate the greatest common factor of 32 and 928.
32
Calculate the highest common divisor of 46 and 207.
23
What is the highest common divisor of 4 and 68?
4
Calculate the highest common factor of 19 and 14079.
19
What is the greatest common factor of 825 and 66?
33
Calculate the greatest common factor of 60 and 48.
12
Calculate the greatest common divisor of 640 and 10.
10
Calculate the highest common divisor of 1001 and 77.
77
Calculate the highest common factor of 320 and 110.
10
Calculate the greatest common factor of 12 and 9.
3
Calculate the greatest common factor of 29 and 37091.
29
What is the greatest common factor of 170 and 10?
10
Calcul